Is 3230 a multiple of 19?
True
Does 262 divide 660?
False
Is 12070 a multiple of 34?
True
Is 5808 a multiple of 12?
True
Does 9 divide 1701?
True
Does 42 divide 73332?
True
Does 7 divide 5817?
True
Is 63496 a multiple of 54?
False
Is 12 a factor of 888?
True
Does 80 divide 2640?
True
Is 55 a factor of 327?
False
Does 86 divide 2017?
False
Is 870 a multiple of 4?
False
Does 64 divide 860?
False
Does 11 divide 181?
False
Is 78 a factor of 105?
False
Does 17 divide 1351?
False
Does 11 divide 2585?
True
Is 66 a factor of 37158?
True
Is 12 a factor of 53518?
False
Does 12 divide 63703?
False
Is 10981 a multiple of 79?
True
Is 6 a factor of 7854?
True
Is 627 a multiple of 33?
True
Does 102 divide 37230?
True
Does 133 divide 30590?
True
Is 7 a factor of 9772?
True
Is 2239 a multiple of 27?
False
Is 9977 a multiple of 43?
False
Is 2193 a multiple of 43?
True
Does 13 divide 517?
False
Does 15 divide 780?
True
Does 32 divide 928?
True
Is 1794 a multiple of 23?
True
Is 9901 a multiple of 37?
False
Does 42 divide 378?
True
Is 16 a factor of 997?
False
Does 7 divide 322?
True
Does 23 divide 272?
False
Is 24 a factor of 648?
True
Is 5362 a multiple of 14?
True
Does 45 divide 1620?
True
Is 1184 a multiple of 7?
False
Does 12 divide 14558?
False
Does 65 divide 845?
True
Is 196 a multiple of 5?
False
Is 24 a factor of 188?
False
Does 6 divide 29?
False
Is 14 a factor of 546?
True
Is 1204 a multiple of 20?
False
Does 10 divide 420?
True
Is 70 a factor of 10500?
True
Is 22 a factor of 1551?
False
Does 20 divide 400?
True
Is 15 a multiple of 3?
True
Is 2613 a multiple of 13?
True
Is 65 a factor of 6674?
False
Is 171 a multiple of 49?
False
Is 13843 a multiple of 19?
False
Is 736 a multiple of 92?
True
Is 90 a factor of 5760?
True
Is 216 a factor of 90454?
False
Is 8 a factor of 216?
True
Is 9 a factor of 285?
False
Does 22 divide 14784?
True
Is 9164 a multiple of 25?
False
Does 45 divide 12350?
False
Does 56 divide 5476?
False
Is 2162 a multiple of 55?
False
Is 77 a multiple of 11?
True
Does 100 divide 19146?
False
Is 8 a factor of 488?
True
Is 15 a factor of 8100?
True
Is 2 a factor of 5?
False
Is 67 a factor of 7303?
True
Does 18 divide 580?
False
Is 45 a factor of 135?
True
Is 1479 a multiple of 51?
True
Is 11 a factor of 18106?
True
Does 23 divide 11272?
False
Is 5369 a multiple of 12?
False
Is 70056 a multiple of 12?
True
Does 14 divide 2360?
False
Is 250 a multiple of 2?
True
Is 47565 a multiple of 25?
False
Does 54 divide 4795?
False
Is 525 a multiple of 25?
True
Is 52 a factor of 2756?
True
Is 1050 a multiple of 7?
True
Is 418 a multiple of 5?
False
Is 2 a factor of 1470?
True
Is 110 a factor of 11750?
False
Is 121 a factor of 1815?
True
Does 10 divide 2962?
False
Is 25 a factor of 36947?
False
Is 22 a factor of 3872?
True
Is 90 a multiple of 15?
True
Does 13 divide 65790?
False
Is 643 a multiple of 29?
False
Is 504 a multiple of 3?
True
Is 29 a factor of 7080?
False
Is 48 a multiple of 16?
True
Is 18392 a multiple of 152?
True
Does 29 divide 3834?
False
Is 25598 a multiple of 26?
False
Is 24533 a multiple of 174?
False
Is 19158 a multiple of 11?
False
Is 5 a factor of 2462?
False
Does 102 divide 95329?
False
Is 8 a factor of 9452?
False
Does 67 divide 16489?
False
Is 37 a factor of 1332?
True
Does 11 divide 2203?
False
Does 33 divide 9174?
True
Is 18 a factor of 212?
False
Does 42 divide 8371?
False
Does 104 divide 7477?
False
Does 26 divide 4394?
True
Is 7739 a multiple of 6?
False
Is 5 a factor of 9693?
False
Does 4 divide 2053?
False
Is 3672 a multiple of 27?
True
Is 243 a multiple of 27?
True
Is 110 a multiple of 10?
True
Does 84 divide 1008?
True
Does 33 divide 1518?
True
Is 4832 a multiple of 16?
True
Is 819 a multiple of 63?
True
Does 38 divide 118370?
True
Is 2520 a multiple of 20?
True
Does 7 divide 209?
False
Is 13033 a multiple of 4?
False
Is 3795 a multiple of 11?
True
Is 9 a factor of 1251?
True
Is 7 a factor of 581?
True
Is 4362 a multiple of 33?
False
Is 5 a factor of 215?
True
Does 131 divide 534?
False
Is 293 a multiple of 84?
False
Is 73 a multiple of 20?
False
Is 7462 a multiple of 26?
True
Is 7968 a multiple of 134?
False
Is 88 a factor of 25230?
False
Does 26 divide 1508?
True
Is 10 a factor of 1440?
True
Does 22 divide 1056?
True
Is 3886 a multiple of 186?
False
Is 18672 a multiple of 12?
True
Is 460 a multiple of 115?
True
Is 416 a factor of 1616?
False
Does 145 divide 11136?
False
Does 3 divide 5073?
True
Is 19 a factor of 631?
False
Does 48 divide 4185?
False
Does 85 divide 11730?
True
Does 14 divide 27202?
True
Does 26 divide 857?
False
Is 10 a factor of 1240?
True
Is 4241 a multiple of 29?
False
Is 41 a factor of 9375?
False
Is 14 a factor of 15526?
True
Is 1040 a multiple of 208?
True
Is 2828 a multiple of 27?
False
Does 19 divide 17824?
False
Is 145 a factor of 56987?
False
Is 288 a multiple of 9?
True
Is 2223 a multiple of 57?
True
Does 38 divide 16754?
False
Does 45 divide 1890?
True
Is 66 a multiple of 11?
True
Is 14 a factor of 4206?
False
Is 187 a factor of 44506?
True
Does 106 divide 9964?
True
Is 7 a factor of 602?
True
Is 2009 a multiple of 38?
False
Is 12 a factor of 2039?
False
Does 49 divide 16513?
True
Is 1136 a multiple of 16?
True
Does 20 divide 488?
False
Is 29 a factor of 2581?
True
Does 4 divide 56?
True
Does 10 divide 28060?
True
Is 34 a factor of 1292?
True
Is 13528 a multiple of 8?
True
Is 19343 a multiple of 83?
False
Is 50721 a multiple of 53?
True
Is 1729 a multiple of 19?
True
Is 38634 a multiple of 47?
True
Does 78 divide 2340?
True
Is 649 a multiple of 16?
False
Does 28 divide 487?
False
Does 4 divide 1647?
False
Does 4 divide 559?
False
Is 12 a factor of 5028?
True
Does 5 divide 27?
False
Is 489 a multiple of 4?
False
Is 4177 even?
False
Does 4 divide 156?
True
Is 8568 a multiple of 17?
True
Is 2684 a multiple of 4?
True
Does 15 divide 1336?
False
Is 102 a multiple of 34?
True
Is 8915 a multiple of 34?
False
Is 6 a factor of 2886?
True
Does 29 divide 6347?
False
Does 6 divide 40?
False
Does 43 divide 4807?
False
Is 23 a factor of 1127?
True
Is 66 a factor of 2879?
False
Is 580 a multiple of 25?
False
Is 600 a multiple of 8?
True
Does 111 divide 31191?
True
Does 40 divide 1055?
False
Is 3 a factor of 202?
False
Is 237 a multiple of 13?
False
Does 23 divide 569?
False
Does 15 divide 180?
True
Does 38 divide 178898?
False
Is 356 a multiple of 4?
True
Is 18 a factor of 810?
True
Does 7 divide 1897?
True
Is 28 a factor of 32236?
False
Is 43110 a multiple of 15?
True
Is 2607 a multiple of 35?
False
Is 78 a factor of 13378?
False
Is 51 a factor of 16643?
False
Is 8550 a multiple of 30?
True
Is 7 a factor of 2411?
False
Is 15 a factor of 57225?
True
Is 791 a multiple of 6?
False
Is 8 a factor of 1696?
True
Is 8 a factor of 352?
True
Is 107 a factor of 23112?
True
Is 194 a multiple of 60?
False
Is 346 a multiple of 9?
False
Is 81 a factor of 6966?
True
Is 1488 a multiple of 12?
True
Is 1934 a multiple of 29?
False
Is 3 a factor of 452?
False
Is 290 a multiple of 13?
False
Does 60 divide 952?
False
Does 10 divide 4570?
True
Is 5 a factor of 150?
True
Does 21 divide 2310?
True
Does 37 divide 5069?
True
Does 4 divide 101?
False
Is 249 a multiple of 8?
False
Does 4 divide 1044?
True
Is 19 a factor of 683?
False
Does 17 divide 3568?
False
Is 62069 a multiple of 60?
False
Is 48 a factor of 32951?
False
Is 2809 a multiple of 13?
False
Does 14 divide 700?
True
Is 1709 a multiple of 19?
False
Is 11475 a multiple of 25?
True
Does 18 divide 3624?
False
Does 7 divide 945?
True
Is 100 a factor of 6441?
False
Does 7 divide 4407?
False
Is 35682 a multiple of 30?
False
Is 136 a factor of 1496?
True
Is 551 a multiple of 6?
False
Does 73 divide 14750?
False
Does 17 divide 2995?
False
Is 13 a factor of 4316?
True
Is 459 a multiple of 12?
False
Is 7 a factor of 72?
False
Is 22 a factor of 3179?
False
Does 88 divide 2200?
True
Is 81 a factor of 3978?
False
Is 1092 a multiple of 12?
True
Is 8 a factor of 3619?
False
Is 18 a factor of 573?
False
Does 15 divide 420?
True
Is 72 a factor of 32472?
True
Is 46830 a multiple of 14?
True
Is 546 a multiple of 56?
False
Is 15 a factor of 56843?
False
Does 97 divide 711?
False
Is 1500 a multiple of 50?
True
Does 27 divide 283?
False
Does 16 divide 24304?
True
Is 23 a factor of 2277?
Tr